 is -460515 (base 8) in base 5?
-14442411
What is -3446de (base 16) in base 2?
-1101000100011011011110
52543055 (base 8) to base 2
101010101100011000101101
What is -11000010001010110 (base 2) in base 9?
-161330
Convert -477883 (base 9) to base 14.
-76d1b
-7424032 (base 8) to base 10
-1976346
Convert 4a86818 (base 11) to base 10.
8822855
14984b (base 14) to base 16
af3fb
What is 1132101331 (base 4) in base 11?
244157
What is -111100121 (base 3) in base 8?
-23010
Convert -82547 (base 10) to base 5.
-10120142
What is -204d5 (base 14) in base 13?
-2954b
Convert -121a28 (base 15) to base 3.
-1122000022202
Convert -364c3 (base 13) to base 2.
-11000010101110100
Convert -468500 (base 13) to base 7.
-20144156
What is 100570 (base 8) in base 9?
50416
Convert -1cddb8 (base 16) to base 13.
-5130b8
-3653402 (base 7) to base 11
-299975
Convert -10011011110011100011 (base 2) to base 10.
-638179
-24a2c6 (base 16) to base 10
-2400966
What is -3124215 (base 8) in base 10?
-829581
What is -32da6 (base 15) in base 12?
-796b6
What is 122220110303 (base 4) in base 6?
405343015
What is -1325163 (base 7) in base 14?
-47933
What is -c4352 (base 15) in base 9?
-1146785
What is -12450606 (base 8) in base 5?
-1202222012
-5a3a82 (base 12) to base 8
-5440102
Convert 1201415 (base 6) to base 9.
104752
193c8 (base 14) to base 11
43a9a
Convert -241d62 (base 15) to base 16.
-1a5c9a
What is 34224032 (base 5) in base 3?
120111020022
-112482 (base 10) to base 8
-333542
Convert 11136304 (base 8) to base 9.
4468563
What is 7343a (base 11) in base 7?
623655
What is -100100000001010001011001 (base 2) in base 10?
-9442393
-13033120003 (base 4) to base 7
-22063330
Convert 21207605 (base 8) to base 4.
101100332011
Convert 6281641 (base 10) to base 12.
212b261
-225667 (base 9) to base 8
-410364
4145356 (base 10) to base 3
21210121100201
Convert 22232310 (base 4) to base 12.
21530
Convert 11cf2a5 (base 16) to base 14.
26a1737
What is -dc3265 (base 14) in base 2?
-11100011101101000101001
Convert 95777 (base 10) to base 6.
2015225
What is 4243432 (base 6) in base 2?
110010110100101100
-153153123 (base 6) to base 7
-36330132
Convert 20202110111111 (base 3) to base 9.
6673444
-130a597 (base 11) to base 12
-914b13
10020121 (base 3) to base 15
a7a
aa23a6 (base 11) to base 10
1760061
Convert -34204432 (base 6) to base 13.
-2a6989
2bd51 (base 15) to base 12
69994
Convert 16250351 (base 7) to base 12.
63b71b
-37841 (base 14) to base 15
-2a4c1
a6a1ab (base 12) to base 14
4c67bd
6a531 (base 14) to base 6
5314515
What is 28b8b (base 16) in base 11?
104352
What is 855964 (base 12) in base 16?
201c1c
200010222121 (base 3) to base 11
224407
137aa51 (base 12) to base 11
2221484
What is -1312323213 (base 4) in base 13?
-140967
What is -999d7 (base 15) in base 8?
-1671443
106596 (base 13) to base 7
3163512
-18614673 (base 9) to base 5
-4401230240
What is -20330502 (base 8) in base 10?
-4305218
Convert bc99 (base 13) to base 6.
321505
Convert -2ab0d6 (base 15) to base 4.
-13313133312
What is -3441544 (base 6) in base 11?
-110819
Convert -593105 (base 11) to base 5.
-220104033
115630 (base 9) to base 15
15a13
Convert -221220220010022 (base 3) to base 4.
-310203102002
Convert 201010120212 (base 3) to base 15.
768b2
What is 131002 (base 10) in base 15?
28c37
145a8 (base 12) to base 4
12331100
1121120112210 (base 3) to base 10
857703
What is -20220201330 (base 4) in base 3?
-11020222110220
111002212112 (base 3) to base 16
3efb4
What is 3d950 (base 14) in base 8?
452262
Convert -10111111000101010000100 (base 2) to base 3.
-102210002222222
2200313110 (base 4) to base 13
1a0ba8
Convert -10021000022100 (base 3) to base 16.
-1a6ee9
What is -10022000201101 (base 3) in base 12?
-70609a
Convert 174947 (base 14) to base 7.
6652220
Convert -5604400 (base 7) to base 10.
-690655
Convert 43542201 (base 7) to base 3.
21001002102200
Convert -34231151 (base 6) to base 13.
-2a8236
Convert -1001010011000 (base 2) to base 7.
-16610
Convert 343035 (base 6) to base 12.
14a7b
What is a9e66 (base 15) in base 9?
1012506
1166999 (base 10) to base 6
41002435
What is -62666405 (base 7) in base 10?
-5294063
What is 9ba51 (base 13) in base 2?
1000101000101011100
Convert 3160 (base 7) to base 12.
794
What is 52c216 (base 13) in base 10?
1940308
-1111b8 (base 16) to base 13
-30222b
1063405 (base 8) to base 16
46705
Convert -13431403 (base 5) to base 12.
-68957
1374122 (base 8) to base 7
3216446
Convert -9093332 (base 10) to base 3.
-122002222201002
-1b2c74 (base 13) to base 4
-2220330031
Convert c8d70 (base 15) to base 5.
130400110
-5c37 (base 13) to base 8
-31403
-10314223 (base 5) to base 3
-11111122202
What is 1011321 (base 5) in base 9?
24520
Convert -1038773 (base 9) to base 8.
-2101025
-21120011012222 (base 3) to base 16
-3d50e9
611223 (base 9) to base 10
361767
What is 410543 (base 6) in base 3?
1122201200
What is -100100010111100100 (base 2) in base 12?
-72258
What is -1099675 (base 10) in base 2?
-100001100011110011011
-1295610 (base 10) to base 12
-525936
93557 (base 15) to base 5
104420312
Convert -33b680 (base 16) to base 13.
-918778
ba673 (base 12) to base 13
88173
Convert -171362 (base 10) to base 12.
-83202
What is -70652 (base 13) in base 15?
-3e858
What is 2209277 (base 10) in base 4?
20123113331
-11101001010011111 (base 2) to base 12
-59167
Convert -1330233022 (base 4) to base 8.
-1745712
Convert -10121002 (base 5) to base 10.
-82627
What is 2123300 (base 10) in base 11?
12202a3
Convert -21b97b (base 13) to base 16.
-c2909
Convert 6d9e2 (base 15) to base 9.
582825
Convert 1c2ddc (base 15) to base 2.
101010000000111110101
What is -420e10 (base 15) in base 6?
-151201523
-131061 (base 11) to base 6
-4231232
16604 (base 14) to base 3
2211220022
What is 72a5a0 (base 12) in base 4?
12313303020
What is 24210240 (base 6) in base 13?
209652
Convert 101100100010100101 (base 2) to base 9.
307227
Convert -92186 (base 14) to base 3.
-122212020020
What is 2261b (base 13) in base 6?
1201334
Convert 1113210104 (base 5) to base 16.
25c686
What is -120101221201 (base 3) in base 4?
-1022001331
Convert 42b0c4 (base 14) to base 6.
120223540
Convert -14557814 (base 9) to base 4.
-123220030303
-1380c (base 13) to base 10
-36516
Convert 11667871 (base 9) to base 8.
25627735
1001100201012122 (base 3) to base 12
5069b22
Convert -20676 (base 13) to base 8.
-161571
What is -86969 (base 13) in base 8?
-733116
What is -654768 (base 9) in base 5?
-100000034
Convert 4b36c3 (base 15) to base 9.
6705483
Convert 36cd9a (base 14) to base 2.
111001010111000011100
Convert 3106a7 (base 14) to base 6.
55233431
What is -9a8 (base 12) in base 11?
-1085
What is -d6281 (base 16) in base 6?
-30445013
-1446010 (base 7) to base 13
-6b5cc
What is -60266 (base 7) in base 3?
-201221222
382773 (base 9) to base 11
149110
Convert 10011010211001 (base 3) to base 16.
19923d
Convert 267409 (base 16) to base 8.
11472011
14414524 (base 8) to base 2
1100100001100101010100
Convert 94652 (base 10) to base 13.
3410c
What is 110201310 (base 5) in base 13?
1383b3
Convert 219591b (base 14) to base 16.
f38085
Convert 1001000100101101100100 (base 2) to base 8.
11045544
10343221112 (base 5) to base 2
101011000111111001010100
Convert -2076762 (base 8) to base 13.
-166410
What is -1010001100010100110000 (base 2) in base 14?
-4d7a36
Convert 5f62a5 (base 16) to base 12.
21156b1
Convert -10021020111021 (base 3) to base 11.
-a86a02
Convert c738b0 (base 14) to base 10.
6732754
Convert -41209 (base 16) to base 12.
-10a461
-10320312121 (base 4) to base 11
-7a583a
2c437 (base 13) to base 5
10143313
What is 21505015 (base 6) in base 3?
1012211211102
Convert -10be31 (base 15) to base 8.
-3031720
Convert 315582 (base 12) to base 10.
776690
What is -2111103033 (base 4) in base 8?
-2252317
4305243 (base 6) to base 2
110011100010111011
Convert 3a34a (base 11) to base 2.
1110000100110010
What is -3455115 (base 6) in base 3?
-100002002202
-3280896 (base 12) to base 13
-1cbbc61
-1300103020 (base 4) to base 9
-770864
Convert -b42354 (base 12) to base 8.
-12613560
3028525 (base 9) to base 8
6117611
Convert 174237 (base 13) to base 2.
10001101101100101000
What is 55bb90 (base 12) in base 5?
322243130
-34767a (base 12) to base 4
-3031223332
Convert -10331231312 (base 4) to base 13.
-367451
320478 (base 9) to